{"id":1790,"date":"2017-03-31T06:04:52","date_gmt":"2017-03-31T10:04:52","guid":{"rendered":"http:\/\/sspmcnp.com.br\/?page_id=1790"},"modified":"2025-06-18T16:46:40","modified_gmt":"2025-06-18T19:46:40","slug":"publicacoes","status":"publish","type":"page","link":"https:\/\/sspmcnp.com.br\/?page_id=1790","title":{"rendered":"Publica\u00e7\u00f5es l Legisla\u00e7\u00e3o"},"content":{"rendered":"<p><a href=\"http:\/\/sspmcnp.com.br\/wp-content\/uploads\/2017\/03\/Estatuto-Social.pdf\" target=\"_blank\" rel=\"noopener\">ESTATUTO SOCIAL\u00a0 SSPM<\/a><\/p>\n<p><a href=\"http:\/\/sspmcnp.com.br\/wp-content\/uploads\/2023\/05\/Adobe-Scan-16-de-mai.-de-2023.pdf\">REGIME INTERNO DO SSPM<\/a><\/p>\n<p><a href=\"http:\/\/sspmcnp.com.br\/wp-content\/uploads\/2025\/06\/Terceiro-Regimento-Interno-SSPM-1.pdf\">TERCEIRO REGIMENTO INTERNO &#8211; SSPM<\/a><\/p>\n<p><a href=\"http:\/\/sspmcnp.com.br\/wp-content\/uploads\/2023\/05\/Regulamento-do-Departamento-Juri\u0301dico-SSPM-CNP.pdf\">REGULAMENTO DO DEPARTAMENTO JUR\u00cdDICO DO SSPM<\/a><\/p>\n<p><a href=\"http:\/\/sspmcnp.com.br\/wp-content\/uploads\/2025\/06\/Primeiro-Aditivo-ao-Regulamento-do-Departamento-Juridico-do-Sindicato.pdf\">Primeiro Aditivo ao Regulamento do Departamento Jur\u00eddico do Sindicato &#8211; SSPM<\/a><\/p>\n<p><a href=\"http:\/\/sspmcnp.com.br\/wp-content\/uploads\/2020\/07\/Lei-ordinaria-2084-2019-Campo-novo-do-parecis-MT.pdf\">Lei 2.084 &#8211; REESTRUTURA O PCCR\u00a0DOS PROFISSIONAIS DA EDUCA\u00c7\u00c3O<\/a><\/p>\n<p><a href=\"http:\/\/sspmcnp.com.br\/wp-content\/uploads\/2020\/07\/Lei-ordinaria-1130-2006-Campo-novo-do-parecis-MT-consolidada-23-12-2019.pdf\">Lei 1.130 &#8211; ESTATUTO\u00a0 DO SERVIDOR (ATUALIZADO)<\/a><\/p>\n<p><a href=\"http:\/\/sspmcnp.com.br\/wp-content\/uploads\/2020\/07\/Lei-ordinaria-1135-2006-Campo-novo-do-parecis-MT-consolidada-02-01-2020.pdf\">Lei 1.135 &#8211; PCCS FISCALIZA\u00c7\u00c3O<\/a><\/p>\n<p><a href=\"http:\/\/sspmcnp.com.br\/wp-content\/uploads\/2020\/07\/Lei-ordinaria-1822-2016-Campo-novo-do-parecis-MT-consolidada-13-05-2020.pdf\">Lei 1.822 DE 2016\u00a0 &#8211; PCCV APROVADO (ATUALIZADO)<\/a><\/p>\n<p><a href=\"http:\/\/sspmcnp.com.br\/wp-content\/uploads\/2023\/05\/ord-2397-2022-campo_novo_do_parecis-mt.docx\">Lei 2.397 &#8211; PCCV DOS AGENTES COMUNIT\u00c1RIOS E DE COMBATE \u00c0S ENDEMIAS<\/a><\/p>\n<p><a href=\"http:\/\/sspmcnp.com.br\/wp-content\/uploads\/2023\/05\/ord-2408-2022-campo_novo_do_parecis-mt-1.docx\">Lei 2.408 &#8211; AUTORIZA O PODER EXECUTIVO MUNICIPAL A CONSIDERAR O AGENTE DE EDUCA\u00c7\u00c3O INFANTIL COMO PROFESSOR.<\/a><\/p>\n","protected":false},"excerpt":{"rendered":"<p>ESTATUTO SOCIAL\u00a0 SSPM REGIME INTERNO DO SSPM TERCEIRO REGIMENTO INTERNO &#8211; SSPM REGULAMENTO DO DEPARTAMENTO<\/p>\n","protected":false},"author":1,"featured_media":0,"parent":0,"menu_order":0,"comment_status":"closed","ping_status":"closed","template":"","meta":{"footnotes":""},"class_list":["post-1790","page","type-page","status-publish","hentry"],"_links":{"self":[{"href":"https:\/\/sspmcnp.com.br\/index.php?rest_route=\/wp\/v2\/pages\/1790","targetHints":{"allow":["GET"]}}],"collection":[{"href":"https:\/\/sspmcnp.com.br\/index.php?rest_route=\/wp\/v2\/pages"}],"about":[{"href":"https:\/\/sspmcnp.com.br\/index.php?rest_route=\/wp\/v2\/types\/page"}],"author":[{"embeddable":true,"href":"https:\/\/sspmcnp.com.br\/index.php?rest_route=\/wp\/v2\/users\/1"}],"replies":[{"embeddable":true,"href":"https:\/\/sspmcnp.com.br\/index.php?rest_route=%2Fwp%2Fv2%2Fcomments&post=1790"}],"version-history":[{"count":30,"href":"https:\/\/sspmcnp.com.br\/index.php?rest_route=\/wp\/v2\/pages\/1790\/revisions"}],"predecessor-version":[{"id":9162,"href":"https:\/\/sspmcnp.com.br\/index.php?rest_route=\/wp\/v2\/pages\/1790\/revisions\/9162"}],"wp:attachment":[{"href":"https:\/\/sspmcnp.com.br\/index.php?rest_route=%2Fwp%2Fv2%2Fmedia&parent=1790"}],"curies":[{"name":"wp","href":"https:\/\/api.w.org\/{rel}","templated":true}]}}